{"id":1223,"date":"2023-07-03T12:54:03","date_gmt":"2023-07-03T11:54:03","guid":{"rendered":"https:\/\/www.eudel.eus\/destacados\/udalak\/?page_id=1223"},"modified":"2023-07-03T12:57:15","modified_gmt":"2023-07-03T11:57:15","slug":"vitoria-gasteiz","status":"publish","type":"page","link":"https:\/\/www.eudel.eus\/destacados\/udalak\/vitoria-gasteiz\/","title":{"rendered":"Vitoria-gasteiz"},"content":{"rendered":"<p>[vc_row][vc_column width=\u00bb2\/3&#8243;][vc_video link=\u00bbhttps:\/\/youtu.be\/ANdFljIVi58&#8243; title=\u00bbVideo de la jornada\u00bb][\/vc_column][vc_column width=\u00bb1\/3&#8243;][vc_text_separator title=\u00bbMATERIALES DE LA JORNADA\u00bb i_type=\u00bbmaterial\u00bb i_icon_material=\u00bbvc-material vc-material-library_books\u00bb add_icon=\u00bbtrue\u00bb][vc_column_text]<strong>MATERIALES DE LA JORNADA<\/strong>[\/vc_column_text][vc_btn title=\u00bbPRESENTACI\u00d3N\u00bb color=\u00bbprimary\u00bb link=\u00bburl:https%3A%2F%2Fwww.eudel.eus%2Fdestacados%2Fudalak%2Ffiles%2F2023%2F06%2FPPT_Jornadas_JUNIO-2023-ELECTOS-LOCALES-cas.pptx|||\u00bb][vc_column_text]<strong>Gu\u00eda pr\u00e1ctica para la toma de decisiones en materia de organizaci\u00f3n de los ayuntamientos de Euskadi<\/strong>[\/vc_column_text][vc_btn title=\u00bbDESCARGAR GU\u00cdA\u00bb color=\u00bbprimary\u00bb link=\u00bburl:https%3A%2F%2Feudel.eus%2Fes%2Ffile%2Fdocumentos_ficheros%2FCARGOS-ELECTOS-2023-2027.pdf|||\u00bb][\/vc_column][\/vc_row]<\/p>","protected":false},"excerpt":{"rendered":"<p>[vc_row][vc_column width=\u00bb2\/3&#8243;][vc_video link=\u00bbhttps:\/\/youtu.be\/ANdFljIVi58&#8243; title=\u00bbVideo de la jornada\u00bb][\/vc_column][vc_column width=\u00bb1\/3&#8243;][vc_text_separator title=\u00bbMATERIALES DE LA JORNADA\u00bb i_type=\u00bbmaterial\u00bb i_icon_material=\u00bbvc-material vc-material-library_books\u00bb add_icon=\u00bbtrue\u00bb][vc_column_text]MATERIALES DE LA JORNADA[\/vc_column_text][vc_btn title=\u00bbPRESENTACI\u00d3N\u00bb color=\u00bbprimary\u00bb link=\u00bburl:https%3A%2F%2Fwww.eudel.eus%2Fdestacados%2Fudalak%2Ffiles%2F2023%2F06%2FPPT_Jornadas_JUNIO-2023-ELECTOS-LOCALES-cas.pptx|||\u00bb][vc_column_text]Gu\u00eda pr\u00e1ctica para la toma de decisiones en materia de organizaci\u00f3n de los ayuntamientos de Euskadi[\/vc_column_text][vc_btn title=\u00bbDESCARGAR GU\u00cdA\u00bb color=\u00bbprimary\u00bb link=\u00bburl:https%3A%2F%2Feudel.eus%2Fes%2Ffile%2Fdocumentos_ficheros%2FCARGOS-ELECTOS-2023-2027.pdf|||\u00bb][\/vc_column][\/vc_row]<\/p>\n","protected":false},"author":8,"featured_media":0,"parent":0,"menu_order":0,"comment_status":"closed","ping_status":"closed","template":"page-blocks.php","meta":{"footnotes":""},"_links":{"self":[{"href":"https:\/\/www.eudel.eus\/destacados\/udalak\/wp-json\/wp\/v2\/pages\/1223"}],"collection":[{"href":"https:\/\/www.eudel.eus\/destacados\/udalak\/wp-json\/wp\/v2\/pages"}],"about":[{"href":"https:\/\/www.eudel.eus\/destacados\/udalak\/wp-json\/wp\/v2\/types\/page"}],"author":[{"embeddable":true,"href":"https:\/\/www.eudel.eus\/destacados\/udalak\/wp-json\/wp\/v2\/users\/8"}],"replies":[{"embeddable":true,"href":"https:\/\/www.eudel.eus\/destacados\/udalak\/wp-json\/wp\/v2\/comments?post=1223"}],"version-history":[{"count":3,"href":"https:\/\/www.eudel.eus\/destacados\/udalak\/wp-json\/wp\/v2\/pages\/1223\/revisions"}],"predecessor-version":[{"id":1228,"href":"https:\/\/www.eudel.eus\/destacados\/udalak\/wp-json\/wp\/v2\/pages\/1223\/revisions\/1228"}],"wp:attachment":[{"href":"https:\/\/www.eudel.eus\/destacados\/udalak\/wp-json\/wp\/v2\/media?parent=1223"}],"curies":[{"name":"wp","href":"https:\/\/api.w.org\/{rel}","templated":true}]}}