{"id":97,"date":"2023-10-03T06:23:57","date_gmt":"2023-10-03T06:23:57","guid":{"rendered":"https:\/\/www.eudel.eus\/destacados\/ods-agenda2030\/?page_id=97"},"modified":"2023-10-03T06:37:38","modified_gmt":"2023-10-03T06:37:38","slug":"herramientas","status":"publish","type":"page","link":"https:\/\/www.eudel.eus\/destacados\/ods-agenda2030\/herramientas\/","title":{"rendered":"herramientas"},"content":{"rendered":"<p>[vc_row][vc_column width=\u00bb1\/4&#8243;][vc_single_image image=\u00bb91&#8243; img_size=\u00bbmedium\u00bb alignment=\u00bbcenter\u00bb][\/vc_column][vc_column width=\u00bb3\/4&#8243;][vc_column_text]Este documento se sit\u00faa en un momento estrat\u00e9gico para la acci\u00f3n municipal vasca en clave ODS, como es el nuevo mandato 2023-2027.<\/p>\n<p><strong>EUDEL y el Gobierno Vasco acompa\u00f1an a los Ayuntamientos Vascos con herramientas pr\u00e1cticas para aplicar juntos y coordinados la Agenda 2030 de Euskadi, colaborando con otras instituciones, y sobre todo, desde el liderazgo local para un desarrollo m\u00e1s sostenible e inclusivo de nuestros municipios.<\/strong><\/p>\n<p>En esta gu\u00eda se desarrolla una propuesta de modelo y herramientas de apoyo, en un contexto de <strong>respeto a la<\/strong> <strong>autonom\u00eda municipal.<\/strong><\/p>\n<p>Son herramientas <strong>personalizadas para los Ayuntamientos<\/strong>, con el \u00fanico objeto de que cada Gobierno Local decida la forma de comprometerse y trabajar en estas materias. Sin desconocer que la tendencia mundial es el trabajo por los ODS y que el trabajo conjunto impulsado por la Agenda 2030 de Euskadi quiere recoger cada peque\u00f1o esfuerzo municipal para que se visualice como parte de una contribuci\u00f3n m\u00e1s global y de Euskadi a los grandes retos del planeta.[\/vc_column_text][vc_row_inner][vc_column_inner width=\u00bb1\/2&#8243;][vc_btn title=\u00bbDESCARGAR\u00bb align=\u00bbcenter\u00bb link=\u00bburl:https%3A%2F%2Feudel.eus%2Fes%2Ffile%2Flibro_ficheros%2Fherramientas_agenda_2030_para_ayuntamientos|||\u00bb][\/vc_column_inner][\/vc_row_inner][\/vc_column][\/vc_row]<\/p>","protected":false},"excerpt":{"rendered":"<p>[vc_row][vc_column width=\u00bb1\/4&#8243;][vc_single_image image=\u00bb91&#8243; img_size=\u00bbmedium\u00bb alignment=\u00bbcenter\u00bb][\/vc_column][vc_column width=\u00bb3\/4&#8243;][vc_column_text]Este documento se sit\u00faa en un momento estrat\u00e9gico para la acci\u00f3n municipal vasca en clave ODS, como es el nuevo mandato 2023-2027. EUDEL y el Gobierno Vasco acompa\u00f1an a los Ayuntamientos Vascos con herramientas pr\u00e1cticas para aplicar juntos y coordinados la Agenda 2030 de Euskadi, colaborando con otras instituciones, y<\/p>\n","protected":false},"author":8,"featured_media":0,"parent":0,"menu_order":0,"comment_status":"closed","ping_status":"closed","template":"page-blocks.php","meta":{"footnotes":""},"_links":{"self":[{"href":"https:\/\/www.eudel.eus\/destacados\/ods-agenda2030\/wp-json\/wp\/v2\/pages\/97"}],"collection":[{"href":"https:\/\/www.eudel.eus\/destacados\/ods-agenda2030\/wp-json\/wp\/v2\/pages"}],"about":[{"href":"https:\/\/www.eudel.eus\/destacados\/ods-agenda2030\/wp-json\/wp\/v2\/types\/page"}],"author":[{"embeddable":true,"href":"https:\/\/www.eudel.eus\/destacados\/ods-agenda2030\/wp-json\/wp\/v2\/users\/8"}],"replies":[{"embeddable":true,"href":"https:\/\/www.eudel.eus\/destacados\/ods-agenda2030\/wp-json\/wp\/v2\/comments?post=97"}],"version-history":[{"count":4,"href":"https:\/\/www.eudel.eus\/destacados\/ods-agenda2030\/wp-json\/wp\/v2\/pages\/97\/revisions"}],"predecessor-version":[{"id":103,"href":"https:\/\/www.eudel.eus\/destacados\/ods-agenda2030\/wp-json\/wp\/v2\/pages\/97\/revisions\/103"}],"wp:attachment":[{"href":"https:\/\/www.eudel.eus\/destacados\/ods-agenda2030\/wp-json\/wp\/v2\/media?parent=97"}],"curies":[{"name":"wp","href":"https:\/\/api.w.org\/{rel}","templated":true}]}}