{"id":784,"date":"2021-07-29T13:15:32","date_gmt":"2021-07-29T11:15:32","guid":{"rendered":"https:\/\/www.eudel.eus\/destacados\/covid19\/?page_id=784"},"modified":"2022-01-10T12:29:08","modified_gmt":"2022-01-10T10:29:08","slug":"hasiera","status":"publish","type":"page","link":"https:\/\/www.eudel.eus\/destacados\/covid19\/","title":{"rendered":"hasiera"},"content":{"rendered":"<p>[vc_row][vc_column][vc_column_text]<\/p>\n<h1>Recomendaciones y\/o directrices para cada actividad o \u00e1mbito<\/h1>\n<p>[\/vc_column_text][\/vc_column][\/vc_row][vc_row 0=\u00bb\u00bb][vc_column 0=\u00bb\u00bb][vc_column_text 0=\u00bb\u00bb]<\/p>\n<ul>\n<li><strong><a href=\"https:\/\/www.eudel.eus\/destacados\/covid19\/files\/2022\/01\/Respuestas-a-Preguntas-Frecuentes-05Ene2022.pdf\">Preguntas-Respuestas medidas de protecci\u00f3n frente al coronavirus (05\/01\/2022)<\/a><\/strong><\/li>\n<li><strong><a href=\"https:\/\/www.euskadi.eus\/y22-bopv\/es\/bopv2\/datos\/2021\/12\/2106101a.shtml\">DECRETO 44\/2021, de 2 diciembre, del Lehendakari, por el que se declara la situaci\u00f3n de emergencia sanitaria en Euskadi, derivada de la pandemia de COVID-19.<\/a><\/strong><\/li>\n<li><strong><a href=\"https:\/\/www.euskadi.eus\/y22-bopv\/es\/bopv2\/datos\/2021\/12\/2106099a.shtml\">ORDEN de 2 de diciembre de 2021, del Vicelehendakari Primero y Consejero de Seguridad, por la que se procede a la activaci\u00f3n formal del Plan de Protecci\u00f3n Civil de Euskadi, Larrialdiei Aurregiteko Bidea-Labi, para hacer frente a la nueva fase de la pandemia por COVID-19.<\/a><\/strong><\/li>\n<li><a href=\"https:\/\/www.euskadi.eus\/y22-bopv\/es\/bopv2\/datos\/2021\/12\/2106100a.shtml\">ORDEN de 2 de diciembre de 2021, de la Consejera de Salud, por la que solicita al Lehendakari la declaraci\u00f3n de la situaci\u00f3n de emergencia sanitaria a tenor de lo dispuesto en el art\u00edculo 4 de la Ley 2\/2021, de 24 de junio, de medidas para la gesti\u00f3n de la pandemia de COVID-19 y al Vicelehendakari Primero y Consejero de Seguridad la activaci\u00f3n del Plan de Protecci\u00f3n Civil de Euskadi, Larrialdiei Aurregiteko Bidea (Labi), para hacer frente a la nueva fase de la pandemia por COVID-19.<\/a><\/li>\n<li><a href=\"https:\/\/www.eudel.eus\/destacados\/covid19\/files\/2021\/11\/AZOK_MERKATUAK.pdf\"><strong>Directrices de Salud P\u00fablica para la organizaci\u00f3n de ferias y mercados tradicionales<\/strong><\/a><\/li>\n<li><a href=\"https:\/\/www.eudel.eus\/destacados\/covid19\/files\/2021\/10\/ACTIVIDAD-F\u00cdSICA-Y-DEPORTE.-PREGUNTAS-Y-RESPUESTAS-07.10.21.pdf\"><strong>Pautas para la actividad f\u00edsica y el deporte<\/strong><\/a><\/li>\n<li><strong><a href=\"https:\/\/www.eudel.eus\/destacados\/covid19\/files\/2021\/09\/Tiempo-libre-actividades_cas.pdf\">Pautas para la realizaci\u00f3n de actividades de tiempo libre<\/a><\/strong><\/li>\n<li><b><\/b><a href=\"https:\/\/www.eudel.eus\/destacados\/covid19\/files\/2021\/09\/DEPORTE-ESCOLAR.-NORMAS-GENERALES-ACTUACI\u00d3N-COVID-19-01-09-2021.pdf\"><b>Pautas DEPORTE ESCOLAR<\/b><\/a><\/li>\n<li><a href=\"https:\/\/www.eudel.eus\/destacados\/covid19\/files\/2021\/07\/Protococolo-Centros-educacion_COVID-_Julio.pdf\"><strong>Protocolo general y limpieza Centros Educativos (curso 21\/22)<\/strong><\/a><\/li>\n<li><a href=\"https:\/\/www.eudel.eus\/destacados\/covid19\/files\/2021\/06\/Directrices-elaboracion-protocolos-COVID.pdf\"><strong>Directrices de Salud P\u00fablica para la elaboraci\u00f3n de protocolos y planes espec\u00edficos dirigidos a prevenir la transmisi\u00f3n de la COVID-19<\/strong><\/a><\/li>\n<li><strong><a href=\"https:\/\/www.eudel.eus\/destacados\/covid19\/files\/2021\/06\/Directrices-gimnasios.pdf\">Directrices para prevenir la transmisi\u00f3n de la COVID-19 en gimnasios<\/a><\/strong><\/li>\n<\/ul>\n<p>[\/vc_column_text][\/vc_column][\/vc_row]<\/p>","protected":false},"excerpt":{"rendered":"<p>[vc_row][vc_column][vc_column_text] Recomendaciones y\/o directrices para cada actividad o \u00e1mbito [\/vc_column_text][\/vc_column][\/vc_row][vc_row 0=\u00bb\u00bb][vc_column 0=\u00bb\u00bb][vc_column_text 0=\u00bb\u00bb] Preguntas-Respuestas medidas de protecci\u00f3n frente al coronavirus (05\/01\/2022) DECRETO 44\/2021, de 2 diciembre, del Lehendakari, por el que se declara la situaci\u00f3n de emergencia sanitaria en Euskadi, derivada de la pandemia de COVID-19. ORDEN de 2 de diciembre de 2021, del Vicelehendakari<\/p>\n","protected":false},"author":8,"featured_media":0,"parent":0,"menu_order":0,"comment_status":"closed","ping_status":"closed","template":"page-blocks.php","meta":{"footnotes":""},"_links":{"self":[{"href":"https:\/\/www.eudel.eus\/destacados\/covid19\/wp-json\/wp\/v2\/pages\/784"}],"collection":[{"href":"https:\/\/www.eudel.eus\/destacados\/covid19\/wp-json\/wp\/v2\/pages"}],"about":[{"href":"https:\/\/www.eudel.eus\/destacados\/covid19\/wp-json\/wp\/v2\/types\/page"}],"author":[{"embeddable":true,"href":"https:\/\/www.eudel.eus\/destacados\/covid19\/wp-json\/wp\/v2\/users\/8"}],"replies":[{"embeddable":true,"href":"https:\/\/www.eudel.eus\/destacados\/covid19\/wp-json\/wp\/v2\/comments?post=784"}],"version-history":[{"count":34,"href":"https:\/\/www.eudel.eus\/destacados\/covid19\/wp-json\/wp\/v2\/pages\/784\/revisions"}],"predecessor-version":[{"id":852,"href":"https:\/\/www.eudel.eus\/destacados\/covid19\/wp-json\/wp\/v2\/pages\/784\/revisions\/852"}],"wp:attachment":[{"href":"https:\/\/www.eudel.eus\/destacados\/covid19\/wp-json\/wp\/v2\/media?parent=784"}],"curies":[{"name":"wp","href":"https:\/\/api.w.org\/{rel}","templated":true}]}}